{"id":631,"date":"2020-08-26T12:46:53","date_gmt":"2020-08-26T10:46:53","guid":{"rendered":"http:\/\/dej-conect.local\/?page_id=631"},"modified":"2025-09-19T10:47:01","modified_gmt":"2025-09-19T08:47:01","slug":"netzwerk","status":"publish","type":"page","link":"https:\/\/www.conect.at\/en\/netzwerk","title":{"rendered":"Netzwerk"},"content":{"rendered":"<p>[vc_row][vc_column][vc_column_text]<\/p>\n<h1 style=\"text-align: center\">Werden Sie unser Eventpartner!<\/h1>\n<p>Als Partner von CON\u25cfECT erreichen Sie IT-Entscheider aus dem Fachbereichsmanagement und k\u00f6nnen als Aussteller bei unseren Konferenzen potenzielle neue Kunden und Kundinnen ansprechen. Nutzen Sie unsere Plattform f\u00fcr Ihr Marketing und Ihren Vertrieb. Pr\u00e4sentieren Sie im Rahmen der Con.ect-Informunity-Veranstaltungen in einer Keynote Ihre Fachkompetenzen vor einem Fachpublikum oder tauschen Sie Ihre Erfahrungen bei den Trend-Talks, Business-Breakfasts, Brunches oder Konferenzen mit unserem Netzwerk an IT-Anwendern, IT-Anbietern und ExpertInnen aus. Zus\u00e4tzlich k\u00f6nnen Sie Ihren Content \u00fcber unsere Marketingkan\u00e4le, wie beispielsweise Social Media Plattformen und Newsletter, teilen und dadurch einen direkten Zugang zu Ihrer Zielgruppe erreichen und zus\u00e4tzliche Leads generieren. Profitieren Sie von unserer Marketingkampagne, die Ihnen Aufmerksamkeit verschafft. Wir helfen Ihnen sich mit unserem nationalen und internationalen Netzwerk erfolgreich im DACH-Raum zu positionieren. Denn unser Ziel ist, Ihre Marke und Ihre Produkte durch unsere hochkar\u00e4tigen Veranstaltungen bekannter und erfolgreicher zu machen.<\/p>\n<p>Gerne vereinbaren wir einen pers\u00f6nlichen Gespr\u00e4chstermin![\/vc_column_text][vc_column_text]<\/p>\n<h1 style=\"text-align: center\">Ausbildungs\u00adpartnerschaften<\/h1>\n<p>F\u00fcr Ausbildungsabteilungen bieten wir unsere Trainingspartnerschaft an, die ihnen das Kennenlernen unserer Trainer im pers\u00f6nlichen Round Table Gespr\u00e4ch, wie auch individuelle kostenfreie Expertengespr\u00e4che (sowohl online als auch pers\u00f6nlich) erm\u00f6glicht. Zudem werden Sie laufend \u00fcber neue Trends informiert und k\u00f6nnen an unserem umfangreichen Webinar Programm teilnehmen.<\/p>\n<p>Wir bilden Sie durch eine zertifizierte Ausbildung und unsere Top-Trainer weiter. Hochkar\u00e4tige Events, ein umfassendes Programm und Topspeaker aus \u00d6sterreich, Deutschland und der Schweiz \u2013 das ist die CON\u2022ECT Business Academy. Hier legen wir gro\u00dfen Wert auf die Verbindung von Business- und IT-Themen. Wir bieten Ihnen zertifizierte Ausbildungsprogramme aus den Bereichen Requirements Engineering, ITIL, ITSM, EAM, DevOps, SIAM, Usability u. IT-Strategie, Software-Architektur, SAFe, Software-Entwicklung und Agilit\u00e4t und vieles mehr an. Diese Weiterbildungen finden sowohl Inhouse, Live Online oder bei uns im Haus als Pr\u00e4senzseminar statt.<\/p>\n<p>Gerne vereinbaren wir einen pers\u00f6nlichen Gespr\u00e4chstermin![\/vc_column_text][vc_column_text]Partner und Co-Branding<br \/>\nWir sehen unsere Kunden als Partner bei der Konzeption und Umsetzung von Konzepten und L\u00f6sungen.<\/p>\n<p>Unser oberstes Ziel ist es, die Zufriedenheit und den wahrgenommenen Nutzen f\u00fcr unsere Kunden sicherzustellen.<\/p>\n<p><strong>Hier finden Sie Partner von Con.ect Eventmanagement:<\/strong><\/p>\n<p><a href=\"https:\/\/www.conect.at\/netzwerk\/firmenpartnerschaften\/\">Firmenpartnerschaften<\/a><\/p>\n<p><a href=\"https:\/\/www.conect.at\/netzwerk\/kooperationspartnerschaften\/\">Kooperationspartnerschaften<\/a>[\/vc_column_text][\/vc_column][\/vc_row]<\/p>\n","protected":false},"excerpt":{"rendered":"<p>[vc_row][vc_column][vc_column_text] Werden Sie unser Eventpartner! Als Partner von CON\u25cfECT erreichen Sie IT-Entscheider aus dem Fachbereichsmanagement und k\u00f6nnen als Aussteller bei unseren Konferenzen potenzielle neue Kunden und Kundinnen ansprechen. Nutzen Sie unsere Plattform f\u00fcr Ihr Marketing und Ihren Vertrieb. Pr\u00e4sentieren Sie im Rahmen der Con.ect-Informunity-Veranstaltungen in einer Keynote Ihre Fachkompetenzen vor einem Fachpublikum oder tauschen Sie<\/p>\n","protected":false},"author":1,"featured_media":0,"parent":0,"menu_order":61,"comment_status":"closed","ping_status":"closed","template":"","meta":[],"_links":{"self":[{"href":"https:\/\/www.conect.at\/en\/wp-json\/wp\/v2\/pages\/631"}],"collection":[{"href":"https:\/\/www.conect.at\/en\/wp-json\/wp\/v2\/pages"}],"about":[{"href":"https:\/\/www.conect.at\/en\/wp-json\/wp\/v2\/types\/page"}],"author":[{"embeddable":true,"href":"https:\/\/www.conect.at\/en\/wp-json\/wp\/v2\/users\/1"}],"replies":[{"embeddable":true,"href":"https:\/\/www.conect.at\/en\/wp-json\/wp\/v2\/comments?post=631"}],"version-history":[{"count":0,"href":"https:\/\/www.conect.at\/en\/wp-json\/wp\/v2\/pages\/631\/revisions"}],"wp:attachment":[{"href":"https:\/\/www.conect.at\/en\/wp-json\/wp\/v2\/media?parent=631"}],"curies":[{"name":"wp","href":"https:\/\/api.w.org\/{rel}","templated":true}]}}

<p>[vc_row][vc_column][vc_column_text]</p>
<h1 style="text-align: center">Werden Sie unser Eventpartner!</h1>
<p>Als Partner von CON●ECT erreichen Sie IT-Entscheider aus dem Fachbereichsmanagement und können als Aussteller bei unseren Konferenzen potenzielle neue Kunden und Kundinnen ansprechen. Nutzen Sie unsere Plattform für Ihr Marketing und Ihren Vertrieb. Präsentieren Sie im Rahmen der Con.ect-Informunity-Veranstaltungen in einer Keynote Ihre Fachkompetenzen vor einem Fachpublikum oder tauschen Sie Ihre Erfahrungen bei den Trend-Talks, Business-Breakfasts, Brunches oder Konferenzen mit unserem Netzwerk an IT-Anwendern, IT-Anbietern und ExpertInnen aus. Zusätzlich können Sie Ihren Content über unsere Marketingkanäle, wie beispielsweise Social Media Plattformen und Newsletter, teilen und dadurch einen direkten Zugang zu Ihrer Zielgruppe erreichen und zusätzliche Leads generieren. Profitieren Sie von unserer Marketingkampagne, die Ihnen Aufmerksamkeit verschafft. Wir helfen Ihnen sich mit unserem nationalen und internationalen Netzwerk erfolgreich im DACH-Raum zu positionieren. Denn unser Ziel ist, Ihre Marke und Ihre Produkte durch unsere hochkarätigen Veranstaltungen bekannter und erfolgreicher zu machen.</p>
<p>Gerne vereinbaren wir einen persönlichen Gesprächstermin![/vc_column_text][vc_column_text]</p>
<h1 style="text-align: center">Ausbildungs­partnerschaften</h1>
<p>Für Ausbildungsabteilungen bieten wir unsere Trainingspartnerschaft an, die ihnen das Kennenlernen unserer Trainer im persönlichen Round Table Gespräch, wie auch individuelle kostenfreie Expertengespräche (sowohl online als auch persönlich) ermöglicht. Zudem werden Sie laufend über neue Trends informiert und können an unserem umfangreichen Webinar Programm teilnehmen.</p>
<p>Wir bilden Sie durch eine zertifizierte Ausbildung und unsere Top-Trainer weiter. Hochkarätige Events, ein umfassendes Programm und Topspeaker aus Österreich, Deutschland und der Schweiz – das ist die CON•ECT Business Academy. Hier legen wir großen Wert auf die Verbindung von Business- und IT-Themen. Wir bieten Ihnen zertifizierte Ausbildungsprogramme aus den Bereichen Requirements Engineering, ITIL, ITSM, EAM, DevOps, SIAM, Usability u. IT-Strategie, Software-Architektur, SAFe, Software-Entwicklung und Agilität und vieles mehr an. Diese Weiterbildungen finden sowohl Inhouse, Live Online oder bei uns im Haus als Präsenzseminar statt.</p>
<p>Gerne vereinbaren wir einen persönlichen Gesprächstermin![/vc_column_text][vc_column_text]Partner und Co-Branding<br />
Wir sehen unsere Kunden als Partner bei der Konzeption und Umsetzung von Konzepten und Lösungen.</p>
<p>Unser oberstes Ziel ist es, die Zufriedenheit und den wahrgenommenen Nutzen für unsere Kunden sicherzustellen.</p>
<p><strong>Hier finden Sie Partner von Con.ect Eventmanagement:</strong></p>
<p><a href="https://www.conect.at/netzwerk/firmenpartnerschaften/">Firmenpartnerschaften</a></p>
<p><a href="https://www.conect.at/netzwerk/kooperationspartnerschaften/">Kooperationspartnerschaften</a>[/vc_column_text][/vc_column][/vc_row]</p>

<p>[vc_row][vc_column][vc_column_text] Werden Sie unser Eventpartner! Als Partner von CON●ECT erreichen Sie IT-Entscheider aus dem Fachbereichsmanagement und können als Aussteller bei unseren Konferenzen potenzielle neue Kunden und Kundinnen ansprechen. Nutzen Sie unsere Plattform für Ihr Marketing und Ihren Vertrieb. Präsentieren Sie im Rahmen der Con.ect-Informunity-Veranstaltungen in einer Keynote Ihre Fachkompetenzen vor einem Fachpublikum oder tauschen Sie</p>
